tors of 42480567.
3, 547, 8629
List the prime factors of 469251599.
469251599
What are the prime factors of 47417918?
2, 71, 333929
What are the prime factors of 101601602?
2, 50800801
What are the prime factors of 1670572875?
3, 5, 4454861
List the prime factors of 103296093.
3, 34432031
List the prime factors of 325035996.
2, 3, 27086333
List the prime factors of 259961367.
3, 86653789
List the prime factors of 43531637.
43531637
What are the prime factors of 4175075507?
233, 17918779
List the prime factors of 37851451.
11, 3441041
What are the prime factors of 507436877?
507436877
What are the prime factors of 982242440?
2, 5, 31, 792131
List the prime factors of 27811414.
2, 13905707
List the prime factors of 2126247467.
2126247467
What are the prime factors of 215536830?
2, 3, 5, 47, 71, 2153
What are the prime factors of 82180708?
2, 107, 157, 1223
What are the prime factors of 103754012?
2, 23, 43, 26227
List the prime factors of 425993171.
53, 1823, 4409
What are the prime factors of 1279403877?
3, 426467959
What are the prime factors of 675780193?
11, 101, 487, 1249
What are the prime factors of 214777336?
2, 1597, 16811
List the prime factors of 63319333.
7, 11, 822329
What are the prime factors of 402808923?
3, 11, 1356259
List the prime factors of 501341103.
3, 18568189
List the prime factors of 1493622763.
1493622763
What are the prime factors of 65290213?
19, 3436327
What are the prime factors of 68117520?
2, 3, 5, 29, 9787
What are the prime factors of 2660963633?
23, 53, 107, 887
List the prime factors of 128335087.
7393, 17359
List the prime factors of 377714302.
2, 7, 26979593
List the prime factors of 424591976.
2, 43, 347, 3557
What are the prime factors of 1041835900?
2, 5, 7, 1488337
List the prime factors of 2221632.
2, 3, 7, 19, 29
List the prime factors of 193533075.
3, 5, 47, 18301
What are the prime factors of 31164668?
2, 827, 9421
List the prime factors of 1804590218.
2, 902295109
List the prime factors of 30201073.
7, 251, 17189
List the prime factors of 189935695.
5, 47, 808237
What are the prime factors of 3050756565?
3, 5, 19, 199, 53791
What are the prime factors of 658858811?
13, 709, 71483
List the prime factors of 62070406.
2, 31035203
List the prime factors of 78021646.
2, 659, 59197
What are the prime factors of 9874982?
2, 13, 47, 8081
What are the prime factors of 23120741?
7, 191, 17293
What are the prime factors of 77506698?
2, 3, 12917783
What are the prime factors of 44042434?
2, 3463, 6359
List the prime factors of 1950726581.
1950726581
What are the prime factors of 1655901862?
2, 827950931
List the prime factors of 2075341191.
3, 7, 11, 2617, 3433
List the prime factors of 16602181.
19, 29, 1039
List the prime factors of 142533092.
2, 13, 2741021
List the prime factors of 335399000.
2, 5, 149, 2251
List the prime factors of 252084119.
7, 36012017
What are the prime factors of 2133309436?
2, 19, 167, 168083
What are the prime factors of 3282221677?
7, 468888811
List the prime factors of 157971915.
3, 5, 3510487
What are the prime factors of 991485692?
2, 247871423
List the prime factors of 2493126492.
2, 3, 23, 619, 14593
List the prime factors of 106472356.
2, 26618089
List the prime factors of 159285987.
3, 7, 19, 44357
List the prime factors of 95040192.
2, 3, 13, 29, 101
What are the prime factors of 34839079?
11, 47, 79, 853
List the prime factors of 98107532.
2, 191, 128413
List the prime factors of 2588400036.
2, 3, 23, 115781
List the prime factors of 1453399221.
3, 19717, 24571
What are the prime factors of 335012197?
13, 25770169
What are the prime factors of 888155480?
2, 5, 17, 223, 5857
What are the prime factors of 182094216?
2, 3, 7587259
List the prime factors of 395527631.
43, 137, 67141
What are the prime factors of 4831555268?
2, 269, 4490293
List the prime factors of 54065349.
3, 13, 462097
What are the prime factors of 732750185?
5, 146550037
What are the prime factors of 42314680?
2, 5, 37, 28591
List the prime factors of 42335301.
3, 14111767
List the prime factors of 1475515694.
2, 97, 7605751
List the prime factors of 253046414.
2, 23, 71, 77479
What are the prime factors of 98773894?
2, 19, 1493, 1741
What are the prime factors of 950528423?
13, 47, 1555693
List the prime factors of 1350245977.
13877, 97301
List the prime factors of 899202211.
1129, 796459
List the prime factors of 786918967.
17, 463, 5881
What are the prime factors of 226435211?
226435211
What are the prime factors of 2897810715?
3, 5, 31, 6231851
What are the prime factors of 1890164756?
2, 1481, 319069
What are the prime factors of 27783865?
5, 17, 326869
List the prime factors of 201426316.
2, 7, 13, 553369
What are the prime factors of 317504753?
14983, 21191
What are the prime factors of 49834381?
3677, 13553
List the prime factors of 221253301.
221253301
What are the prime factors of 99609588?
2, 3, 13, 7883
List the prime factors of 1746670327.
1746670327
List the prime factors of 229526910.
2, 3, 5, 37, 68927
What are the prime factors of 36424513?
911, 39983
List the prime factors of 2749249406.
2, 37, 1327, 27997
List the prime factors of 382223174.
2, 53, 3605879
What are the prime factors of 223367809?
7, 73, 521, 839
What are the prime factors of 46673900?
2, 5, 7, 13, 23, 223
List the prime factors of 31528591.
17, 1854623
What are the prime factors of 336244803?
3, 311, 360391
What are the prime factors of 169438303?
17, 251, 39709
List the prime factors of 2543488501.
2543488501
What are the prime factors of 59987001?
3, 19995667
What are the prime factors of 600390583?
13, 113, 149, 211
List the prime factors of 40739802.
2, 3, 6789967
List the prime factors of 1506247667.
19, 23, 107, 32213
What are the prime factors of 168127137?
3, 6226931
List the prime factors of 77035209.
3, 47, 546349
List the prime factors of 62740312.
2, 113, 69403
List the prime factors of 565710480.
2, 3, 5, 67, 1303
List the prime factors of 1100285243.
37, 61, 103, 4733
What are the prime factors of 46039861?
7, 134227
List the prime factors of 307901023.
19, 23, 704579
List the prime factors of 5311969741.
13, 1151, 355007
What are the prime factors of 2750051742?
2, 3, 10799, 42443
List the prime factors of 543341231.
543341231
What are the prime factors of 50458848?
2, 3, 11, 71, 673
List the prime factors of 75029479.
7, 10718497
List the prime factors of 115300089.
3, 2731, 4691
List the prime factors of 403343821.
31, 13011091
List the prime factors of 1388466941.
25343, 54787
List the prime factors of 937646370.
2, 3, 5, 10418293
List the prime factors of 1217366652.
2, 3, 31, 3272491
What are the prime factors of 99287776?
2, 7, 443249
List the prime factors of 909861295.
5, 7, 43, 604559
List the prime factors of 157913589.
3, 52637863
List the prime factors of 33462348.
2, 3, 2788529
What are the prime factors of 74361547?
13, 89, 64271
List the prime factors of 3102931162.
2, 521, 2977861
List the prime factors of 1128345700.
2, 5, 137, 82361
What are the prime factors of 1122347703?
3, 137, 1091, 2503
List the prime factors of 94346151.
3, 31448717
What are the prime factors of 106846141?
106846141
List the prime factors of 26994547.
26994547
What are the prime factors of 49585026?
2, 3, 8264171
List the prime factors of 365431059.
3, 7, 29, 200017
What are the prime factors of 13761158?
2, 41, 283, 593
List the prime factors of 969084840.
2, 3, 5, 1447, 5581
List the prime factors of 71982594.
2, 3, 23, 19319
What are the prime factors of 1148626438?
2, 574313219
List the prime factors of 194723142.
2, 3, 32453857
What are the prime factors of 308655219?
3, 2777, 37049
List the prime factors of 467284599.
3, 67, 97, 2663
What are the prime factors of 576927752?
2, 61, 347, 3407
List the prime factors of 6297872820.
2, 3, 5, 104964547
List the prime factors of 1576724285.
5, 315344857
List the prime factors of 135034574.
2, 31, 2177977
List the prime factors of 7221831214.
2, 13, 277762739
List the prime factors of 14676893.
7, 11, 41, 4649
List the prime factors of 2298861.
3, 101, 281
List the prime factors of 504675609.
3, 2221, 75743
What are the prime factors of 79106337?
3, 8789593
What are the prime factors of 88892737?
191, 465407
What are the prime factors of 59674803?
3, 41, 485161